0).
5, 41
Suppose 11*c + 2553 = -626. Let q = -257 - c. What are the prime factors of q?
2
Let h(o) = 2*o**3 - 2*o**2 - 13*o + 29. Let r be h(2). Let p = 3433 + -2383. Suppose 1040 = r*x - p. List the prime factors of x.
2, 5, 19
Let m(l) = l**3 + 7*l**2 + 7*l + 29. Let g be m(-7). Let z = g + 301. What are the prime factors of z?
281
Suppose -5*o - 1296 + 406 = 5*o. Suppose -6*m + 392 = -4*m. Let v = m + o. List the prime factors of v.
107
Let k(p) = -6*p**3 - 9*p**2 - 21*p + 1. Let c be k(-4). Let r = 4 + c. What are the prime factors of r?
7, 47
List the prime factors of (34/((-238)/594489))/(6/(-2)).
28309
Suppose -l - 19 = w - 3*l, -4*w = -2*l + 64. Let u be 1/2 - w/(-2). What are the prime factors of u/((-14)/40) - (4 + -2)?
2, 3
Suppose -2*q - 5*n = -35799, 4*q + 3*n = 30315 + 41276. What are the prime factors of q?
11, 1627
Let x = 94 + -133. Let s = -56 - x. What are the prime factors of s*6*(-6)/9?
2, 17
Let k(w) = w**3 + 13*w**2 + 36*w - 2. Let b be k(-9). What are the prime factors of (b/6)/((-2)/1638)?
3, 7, 13
Let z = 15 - 6. Suppose 5*r + t = 1440, -18 = r + t - 306. Suppose -c = -z*c + r. What are the prime factors of c?
2, 3
Suppose m = 4*m - 48. Let c(p) = -1127*p**2 + 85*p + 169. Let q(l) = -178*l**2 + 14*l + 28. Let s(j) = 3*c(j) - 19*q(j). List the prime factors of s(m).
5, 11
Let t = 2 - -1. Suppose d - s - 1 = 2, t*d + s - 1 = 0. What are the prime factors of (-219)/(-3) - (d + 2)?
2, 5, 7
Suppose 0 = 5*u + 3*g - 137592, 0 = 25*u - 29*u + 4*g + 110080. List the prime factors of u.
3, 9173
Let z(j) = -5*j - 8. Let p be z(-9). Let g = -31 + p. List the prime factors of 1394/g + 2*2/(-12).
2, 29
Suppose 0 = -0*v - v + 2. Suppose -v*f + 182 - 18 = 0. Suppose -2*b - f = -4*b. List the prime factors of b.
41
Suppose 153181 - 48361 = 15*z. List the prime factors of z.
2, 1747
Let a(b) = 16*b - 67. Let i be a(8). Suppose 16*q - 285 = -i. List the prime factors of q.
2, 7
Let w be 21 - 21 - (1 - (-621 - 1)). Let l = -391 - w. List the prime factors of l.
2, 29
List the prime factors of (-10 - -38 - 13) + 24436.
7, 499
Let l(z) = 12*z**2 - 84*z - 26. List the prime factors of l(-22).
2, 5, 7, 109
Suppose 32*j - 47*j = -60180. Suppose -4*t + 2*h = -j, 2133 = 3*t - 2*h - 874. List the prime factors of t.
3, 5, 67
List the prime factors of 100/(-16)*16/(-12)*(1 - -1088).
3, 5, 11
Let v(z) = -z**2 + 7*z - 6. Let c be v(11). Let d = 99 - c. List the prime factors of d.
149
List the prime factors of 432/(-30) + 13 + 31251/15.
2, 3, 347
Let k = 409 + -643. Let m = k - -486. Suppose -8*d = -d - m. List the prime factors of d.
2, 3
Let w(n) = -45*n - 5. Let s be w(-3). Suppose 5*p - f + 66 = 236, -2*f - s = -4*p. List the prime factors of 1*4 - p*-4.
2, 3
Suppose a - 2*a - o = -2, 5*o = -3*a. Suppose 3*b = -4*s + 21, s - 17 = -s + a*b. Suppose 3*l + 273 = s*l. What are the prime factors of l?
7, 13
Let v(u) = u**3 - u**2 + 72*u - 887. What are the prime factors of v(21)?
5, 1889
Let w(g) = g**2 - 22*g + 364. Let m = -521 - -521. What are the prime factors of w(m)?
2, 7, 13
List the prime factors of -1 + 6/(-5)*41400/(-48).
2, 11, 47
Suppose -3*h - 1095 = 5*c, 5*c - 2*h - 2*h = -1060. Let l = -333 - c. Let t = l + 215. List the prime factors of t.
2, 7
Let p(z) be the first derivative of -z**4/4 + z**3 + z**2/2 + 4*z + 14. Let j be p(3). What are the prime factors of (1 - j)*46/(-6)?
2, 23
Let y = 13374 - 2874. List the prime factors of y.
2, 3, 5, 7
Suppose -3*n + 151449 = -3*w, 20*w = 4*n + 18*w - 201938. List the prime factors of n.
2, 25243
Let i(a) = -60*a**2 + 4*a - 9. Let x be i(-3). Let z = -413 - x. What are the prime factors of z?
2, 37
Let h be 39 - 39 - (2 + 21). List the prime factors of (h/69)/(2/(-5076)).
2, 3, 47
Suppose 33*k - 231703 - 43229 = 270855. What are the prime factors of k?
3, 37, 149
Let p = 43 + -41. Suppose 0 = p*k - 502 - 322. Suppose -5*r + 7*z = 2*z - 1060, -2*z = 2*r - k. What are the prime factors of r?
11, 19
Suppose -32*b - 127077 = -35*b - 3*j, 127095 = 3*b + 5*j. What are the prime factors of b?
2, 5, 7, 11
Suppose 0 = -5*l - 4*d + 112745, 2*l + 58*d = 55*d + 45091. What are the prime factors of l?
19, 1187
Suppose -37*k - 123304 + 179797 + 171834 = 0. List the prime factors of k.
3, 11, 17
Let o(z) = z**3 + 20*z**2 + 41*z + 11. Let g be o(-17). Let q = 409 - g. What are the prime factors of q?
2, 3, 19
Suppose -332*t = 10*t - 43*t - 1369121. List the prime factors of t.
19, 241
Suppose -216*o + 3837901 + 2745756 = -2228927. What are the prime factors of o?
11, 3709
Suppose -4*j = -5*y + 42, j + 2*y - 35 + 52 = 0. Let k(x) = 12*x**2 + 118*x - 16. What are the prime factors of k(j)?
2, 239
Suppose -2*w = -0*w + 3*h - 343, 4*w = 2*h + 694. Let l = w - 134. List the prime factors of l.
3, 13
Suppose d + 130*w - 125*w - 61550 = 0, 5*w - 246290 = -4*d. What are the prime factors of d?
2, 5, 3079
Let i(v) = 5*v**3 + 21*v**2 + 24*v - 49. List the prime factors of i(11).
3, 3137
Let g = 4308 - -3201. List the prime factors of g.
3, 2503
Let m = 28286 - -6545. What are the prime factors of m?
61, 571
Let o(y) = 4487*y - 277. What are the prime factors of o(3)?
2, 103
Let r be (21 + -19)/(2/12). List the prime factors of r/30 + 0 - 4053/(-5).
811
Suppose -37*u + 28*u = -2187. Let j = 516 + u. What are the prime factors of j?
3, 11, 23
Let z = 4752 + -783. List the prime factors of z.
3, 7
Let t = 315 + -186. Suppose -3*r + 3*i = 90, -43 = r - 4*i - 10. Let z = t + r. What are the prime factors of z?
2, 5
Let m be ((-666)/(-15))/((-18)/(-405)). Suppose c - m = -s, 48*c - 50*c - 4*s + 2008 = 0. List the prime factors of c.
2, 7, 71
Suppose -3*w = 5*q - 4353, -10393 + 3206 = -5*w + 3*q. List the prime factors of w.
11, 131
Let d be 27/12*4/1. List the prime factors of (-42)/d*(-100 + -5 + 3).
2, 7, 17
Let s be (-7 - 17)/8 + 8. Suppose -k - 3*r = -2*k + 1099, -s*k = r - 5479. What are the prime factors of k?
2, 137
Suppose -a = 2*g - 66725, -4*a + 39*g + 266890 = 37*g. What are the prime factors of a?
3, 23, 967
Let g(x) be the second derivative of x**4/4 - 2*x**3 + 10*x**2 + 60*x. What are the prime factors of g(-11)?
5, 103
Let v = -25159 + 63007. List the prime factors of v.
2, 3, 19, 83
Let s(p) = -25238*p**3 + 4*p + 4. List the prime factors of s(-1).
2, 12619
Let u(n) = -61*n**2 + 17*n + 13. Let p be u(-3). Let i = p - -725. List the prime factors of i.
2, 3, 23
Suppose -3*t - 30 = -t - 2*h, -2*t - h = 21. Let l = t - -15. What are the prime factors of (-2)/(-30)*l - 958/(-10)?
2, 3
Suppose 2*x - 3*x + 934 = 3*l, -3*x + 930 = 3*l. Suppose -11*v - 2*v - l = 0. Let z(s) = -4*s + 17. List the prime factors of z(v).
113
Suppose d + 0*d - 195 = 0. Suppose -q - d = -2*q. Let b = q + -63. What are the prime factors of b?
2, 3, 11
Suppose 2*k + 88*k + 255288 = 1003458. What are the prime factors of k?
3, 17, 163
Let j(r) = -r**3 + 2*r**2 - 36*r + 36. List the prime factors of j(-25).
3, 1979
Let l(m) = 72*m**3 + 3*m**2 - m - 2. Let b be l(-1). Let z = -19 - b. What are the prime factors of z?
3, 17
Let a be -6 + 184/30 + (-11416)/120. Suppose -4*m - 5*c + 792 = -3*c, 2*c = 4*m - 776. Let r = m + a. List the prime factors of r.
101
Let h be (2/30*933)/((-2)/(-10)). Suppose 4*t - 3*k - 726 = 0, -4*t - 4*k = h - 1051. List the prime factors of t.
3, 61
Suppose 2*i = 3*j - 68 + 18, -4*j + 61 = 3*i. Let q be j + -9 + (-1 - 3). Suppose -24 = -u + 2*b, -q*u - 4*b = -b - 99. What are the prime factors of u?
2, 3, 5
Let a(v) = 172*v**3 - 13*v**2 - 6*v. Let d(x) = 86*x**3 - 7*x**2 - 3*x. Let m(w) = -6*a(w) + 11*d(w). What are the prime factors of m(-2)?
2, 7
Let w(q) = -q - 2. Let r be w(-13). Suppose 12*d = 84 - 0. Suppose r*n = d*n + 480. What are the prime factors of n?
2, 3, 5
Let u = -39 + 25. Let l be u*-26*2/8. Suppose 0 = -g - 7 + l. What are the prime factors of g?
2, 3, 7
Let r(p) = 3*p**2 - 66*p - 307. List the prime factors of r(-25).
2, 1609
Suppose 2*w + 3*w = 3*n - 100136, -4*w = 5*n - 166918. List the prime factors of n.
2, 16691
Let i be (-3)/((-102)/4) - 13182/(-663). Let a be 15 + 1 - (0 + -2). Suppose i*u - 228 = a*u. List the prime factors of u.
2, 3, 19
Suppose 2*k + 2*k + 4*r = 4124, 3*k - 3093 = r. List the prime factors of (6 + -13)*1 + k.
2
Suppose 3*n - 5*i - 19 = n, -3*n - 2*i + 38 = 0. Suppose 